{"id":2,"date":"2025-07-22T13:01:09","date_gmt":"2025-07-22T13:01:09","guid":{"rendered":"http:\/\/www.anssihyvarinen.fi\/?page_id=2"},"modified":"2025-07-26T07:13:29","modified_gmt":"2025-07-26T07:13:29","slug":"ubersankarit","status":"publish","type":"page","link":"https:\/\/www.anssihyvarinen.fi\/?page_id=2","title":{"rendered":"\u00dcbersankarit"},"content":{"rendered":"\n<p>\u00dcbersankarit Oy on p\u00f6rssilistautunut supersankaritoimialan konsulttiyritys.<\/p>\n\n\n\n<p>Suurin omistajamme on Suomen valtio. Toinen suuri omistaja on Mesitsi-mediakonserni. Muita mainittavia omistajia ovat esimerkiksi Poroteollisuuskonserni Jaenkhalaeinen Group, Lounais-Wangorian kumi ja muovi import ja P\u00f6ntisen teurastamo.<\/p>\n\n\n\n<p>Yritys perustettiin alun alkaen jo talvi -ja jatkosodan v\u00e4liss\u00e4. Korvaamatonta konsultaatiota yrityksen alkumetreill\u00e4 tarjosi tuolloisen aseveljemme Saksan edustaja, uhreilul\u00e4\u00e4ketieteen, keinosiemennyksen ja evoluutiobiologian kunniatohtori J\u00f6rgen Junkers.<\/p>\n\n\n\n<p>Toiminta oli viel\u00e4 varsin pienimuotoista 50 -ja 60-luvuilla. L\u00e4hinn\u00e4 YYA-sopimukseen ja puolueettomuuden vankkumattomaan puolustamiseen liittyvi\u00e4 konsultaatioita.&nbsp;<\/p>\n\n\n\n<p>Toiminta hieman kasvoi 70-luvulla samoissa merkeiss\u00e4. Presidentti Kekkonen joutui mm. Usein turvautumaan yrityksen erikoisosaamiseen tasavallan demokratian ja presidenttiyden jatkuvuuden ollessa uhattuina.<\/p>\n\n\n\n<p>Asiakkaat voivat ostaa erikoisasiantuntijoitamme projekteihinsa joko yksitellen tai koko projektiryhm\u00e4n\u00e4. Vankkumaton ammattiosaamisemme taklaa kaikki alan ongelmakent\u00e4ll\u00e4 vastaantulevat haasteet!<\/p>\n\n\n\n<p>\u201c<em>Ehdottomasti \u00e4rsytt\u00e4vimm\u00e4t vastustajat mit\u00e4 superrikollinen kuvitella saattaa!<\/em>\u201d<\/p>\n\n\n\n<p>-Tohtori Alfons \u201cKaasu\u201d Pettersson (Botswanan valtionyliopisto)<\/p>\n\n\n\n<p>\u201c<em>Heleveti hyvij\u00e4 j\u00e4tki\u00e4. Paetsi J\u00e4n\u00f6mies<\/em>\u201d<\/p>\n\n\n\n<p>-Masa, riippumaton supersankarialan konsultti, Taka-Aavakorpi.<\/p>\n\n\n\n<p>\u201c<em>Perke-LE!<\/em>\u201d<\/p>\n\n\n\n<p>-Paroni Veijo Von Jaenkhalaeinen, TJ, Jaenkhalaeinen Group<\/p>\n\n\n\n<p>\u201c<em>Olemme usein tehneet yhteisty\u00f6t\u00e4 yliluonnollisten uhkien ongelmakentt\u00e4\u00e4n sijoittuvissa projekteissa ja kehityshankkeissa. Odotan innolla yhteisty\u00f6t\u00e4 jatkossakin.<\/em>\u201d<\/p>\n\n\n\n<p>-Dosentti Okko Kulttila \u201cMaisteri Mystinen\u201d, hirvi\u00f6nmets\u00e4st\u00e4j\u00e4, taikuuden, okkultismin ja muiden salatieteiden mestari.<\/p>\n\n\n\n<p>Joitain \u00dcbersankareita:<\/p>\n\n\n\n<p><strong>J\u00e4n\u00f6mies<\/strong><\/p>\n\n\n\n<p>Nimikkoel\u00e4imens\u00e4 r\u00e4j\u00e4ht\u00e4v\u00e4n nopeuden, ketteryyden ja suhteellisen voiman omaava erikoisasiantuntija. Kokemusta l\u00e4hitaistelun, heittoaseiden ja jonkin verran my\u00f6s r\u00e4j\u00e4hteiden teknologioista.<\/p>\n\n\n\n<p><strong>Klovni<\/strong><\/p>\n\n\n\n<p>T\u00e4m\u00e4 kokenut konsulttimme hallitsee paitsi k\u00e4sik\u00e4hm\u00e4n niin my\u00f6s teknisten apuv\u00e4lineiden salat. H\u00e4nen luontaiset johtajuustaitonsa tulevat my\u00f6s tarpeen haastavissa alan hankkeissa.<\/p>\n\n\n\n<p><strong>Murtovaras<\/strong><\/p>\n\n\n\n<p>Ensiluokkainen tiet\u00e4mys kleptomania, omistussuhteiden muutos, murtautumis- ja omaisuusrikosten toimialalta. T\u00e4m\u00e4 liukasliikkeinen \u201ckelmi\u201d tulee tarpeeseen kun tarvitsee ratkaista k\u00e4yt\u00e4nn\u00f6n omistusoikeuden problematiikkaan liittyvi\u00e4 haasteita.<\/p>\n\n\n\n<p><strong>Rontti<\/strong><\/p>\n\n\n\n<p>Vihamielisten erikoisasiantuntijoiden voimakeinoin p\u00e4ihitt\u00e4misen expertti. Show Painija, j\u00e4rjestysmies ja aikuisviihdekonsultti. Kun hankalien haasteiden kanssa painitaan t\u00e4ysin tai l\u00e4hes kirjaimellisesti.<\/p>\n\n\n\n<p><strong>Keltainen Kobra<\/strong><\/p>\n\n\n\n<p>Low-cost vaihtoehtomme Lounais-Wangoriasta. Hallitsee paitsi it\u00e4maiset kuolettavat taistelutaidot niin my\u00f6s maansa legendaarisen keitti\u00f6n. Kustannustehokas vaihtoehto alan projekteissa ilmaantuviin ongelmiin.&nbsp;<\/p>\n\n\n\n<p>Olemme vahvassa orgaanisen kasvun kierteess\u00e4 oleva yritys ja tuomme harva se p\u00e4iv\u00e4 uusia toinen toistaan etev\u00e4mpi\u00e4 konsultteja k\u00e4ytett\u00e4v\u00e4ksi asiakkaidemme haastaviin hankkeisiin!<\/p>\n\n\n\n<p>Viimeisimm\u00e4t \u00dcbersankarit-sivut:<\/p>\n\n\n<ul class=\"wp-block-latest-posts__list wp-block-latest-posts\"><li><a class=\"wp-block-latest-posts__post-title\" href=\"https:\/\/www.anssihyvarinen.fi\/?p=56\">\u00dcbersankarit ja Tohtori Kaasu, osa 6<\/a><\/li>\n<li><a class=\"wp-block-latest-posts__post-title\" href=\"https:\/\/www.anssihyvarinen.fi\/?p=53\">\u00dcbersankarit ja Tohtori Kaasu, osa 5<\/a><\/li>\n<li><a class=\"wp-block-latest-posts__post-title\" href=\"https:\/\/www.anssihyvarinen.fi\/?p=51\">\u00dcbersankarit ja Tohtori Kaasu, osa 4<\/a><\/li>\n<li><a class=\"wp-block-latest-posts__post-title\" href=\"https:\/\/www.anssihyvarinen.fi\/?p=49\">\u00dcbersankarit ja Tohtori Kaasu, osa 3<\/a><\/li>\n<li><a class=\"wp-block-latest-posts__post-title\" href=\"https:\/\/www.anssihyvarinen.fi\/?p=35\">\u00dcbersankarit ja Tohtori Kaasu, osa 2<\/a><\/li>\n<li><a class=\"wp-block-latest-posts__post-title\" href=\"https:\/\/www.anssihyvarinen.fi\/?p=23\">\u00dcbersankarit ja Tohtori Kaasu, osa 1<\/a><\/li>\n<\/ul>","protected":false},"excerpt":{"rendered":"<p>\u00dcbersankarit Oy on p\u00f6rssilistautunut supersankaritoimialan konsulttiyritys. Suurin omistajamme on Suomen valtio. Toinen suuri omistaja on Mesitsi-mediakonserni. Muita mainittavia omistajia ovat esimerkiksi Poroteollisuuskonserni Jaenkhalaeinen Group, Lounais-Wangorian kumi ja muovi import ja P\u00f6ntisen teurastamo. Yritys perustettiin alun alkaen jo talvi -ja jatkosodan<br \/><a class=\"btn-more btn btn-danger btn-sm\" href=\"https:\/\/www.anssihyvarinen.fi\/?page_id=2\">Read More<\/a><\/p>\n","protected":false},"author":1,"featured_media":0,"parent":0,"menu_order":0,"comment_status":"closed","ping_status":"closed","template":"","meta":{"footnotes":""},"class_list":["post-2","page","type-page","status-publish","hentry"],"_links":{"self":[{"href":"https:\/\/www.anssihyvarinen.fi\/index.php?rest_route=\/wp\/v2\/pages\/2","targetHints":{"allow":["GET"]}}],"collection":[{"href":"https:\/\/www.anssihyvarinen.fi\/index.php?rest_route=\/wp\/v2\/pages"}],"about":[{"href":"https:\/\/www.anssihyvarinen.fi\/index.php?rest_route=\/wp\/v2\/types\/page"}],"author":[{"embeddable":true,"href":"https:\/\/www.anssihyvarinen.fi\/index.php?rest_route=\/wp\/v2\/users\/1"}],"replies":[{"embeddable":true,"href":"https:\/\/www.anssihyvarinen.fi\/index.php?rest_route=%2Fwp%2Fv2%2Fcomments&post=2"}],"version-history":[{"count":8,"href":"https:\/\/www.anssihyvarinen.fi\/index.php?rest_route=\/wp\/v2\/pages\/2\/revisions"}],"predecessor-version":[{"id":154,"href":"https:\/\/www.anssihyvarinen.fi\/index.php?rest_route=\/wp\/v2\/pages\/2\/revisions\/154"}],"wp:attachment":[{"href":"https:\/\/www.anssihyvarinen.fi\/index.php?rest_route=%2Fwp%2Fv2%2Fmedia&parent=2"}],"curies":[{"name":"wp","href":"https:\/\/api.w.org\/{rel}","templated":true}]}}